remainder when 308 is divided by h?
67
Suppose 18 = -4*x + 182. Suppose 125 - 230 = 3*j. Let l = x + j. What is the remainder when 7 is divided by l?
1
Suppose 0 = -3*b + 6, b = 4*c + 15 + 183. Let t = 47 + c. Let f(p) = -7*p**3 - 4*p**2 - 2*p + 3. What is the remainder when 92 is divided by f(t)?
45
Let q = -16838 - -26034. What is the remainder when q is divided by 17?
16
Suppose p - 690 = 19*i, 0 = 3*p - 5*i + 422 - 2596. What is the remainder when p is divided by 244?
240
Let j = -989 - -1845. Calculate the remainder when j is divided by 31.
19
Let g = -21841 - -21933. Calculate the remainder when 187 is divided by g.
3
Let j(l) = -11*l - 40. Suppose 8*h - 12*h = -180. Let z = 66 - h. Calculate the remainder when j(-13) is divided by z.
19
Suppose 0*a - 2*h = 3*a - 20, 0 = 5*h - 20. Let i be (a/(-3))/(34/867). What is the remainder when 50 is divided by i/(-2) - (-2 + 0)?
12
Let h be (-3)/(10/(-3) + 3). Let b(o) = -o**2 + 11*o - 18. Let k be b(h). Suppose k = 5*n + 85 - 360. What is the remainder when n is divided by 19?
17
Suppose -5*w + o = -o - 694, -268 = -2*w - 4*o. Suppose 289*d + 1480 = 326*d. Calculate the remainder when w is divided by d.
18
Let n = -227 - -137. Let v = 12 + 115. Let b = v + n. What is the remainder when 108 is divided by b?
34
Let t(l) = -l**3 + 41*l**2 + 2*l + 3. What is the remainder when 1357 is divided by t(41)?
82
Suppose -388 = -46*v + 1912. Calculate the remainder when 486 is divided by v.
36
Let u(z) = -3*z**2 - 7*z + 1. Let y(d) = -8*d**2 - 21*d + 2. Let n(k) = 17*u(k) - 6*y(k). What is the remainder when 32 is divided by n(2)?
4
Let w be 7976 + (-6)/(2 + -8). Suppose 40*r - w = 7223. Calculate the remainder when r is divided by 77.
72
Let r(n) = -n**2 + 13*n - 32. Let u(t) = -t**2 + 4*t + 16. Let q be u(5). Let o be r(q). Calculate the remainder when 25 is divided by (2 - -3) + (-3 - o).
1
Suppose 5*z - 2363 = 3*r, -r = -10*z + 15*z + 761. Let s = r - -805. Let t = -12 + 26. What is the remainder when s is divided by t?
10
Suppose -31 = -3*v - 25. Suppose -2*j = -4*i + 182, -5*i + v*j + 46 = -180. Calculate the remainder when (i/(-5))/(16/(-40)) is divided by 8.
6
Suppose 4*x + 3*n = -38, -3*x + x = 3*n + 16. Let t be (-124)/44 + 3 + 16942/x. What is the remainder when 66 is divided by (-6)/27 - t/45?
32
Let w = 2260 - 2178. Calculate the remainder when w is divided by 1*21*(-1)/(-1).
19
Suppose 20*u + 13872 = 122*u. Calculate the remainder when 280 is divided by u.
8
Let y(g) = g**3 - 6*g**2 - 103*g + 341. What is the remainder when y(14) is divided by 457?
10
Suppose -2*d + 59 = 3*d + 7*m, 0 = 5*d + 2*m - 74. What is the remainder when 7785 is divided by d?
9
Suppose -6*y - 20*y - 396 = -1410. What is the remainder when 122 is divided by y?
5
Let l be 1*(-5)/(-10)*-2 - -5. Suppose 241 = 3*r - z, 0 = -l*r + 3*z + 228 + 95. What is the remainder when r is divided by 12?
8
Let y = 485 + -475. Suppose -27 + 93 = 3*a. What is the remainder when 31 is divided by (35/y - 2)/(3/a)?
9
Suppose 5*q = 3*o + 2 - 9, -3*o - 9 = 3*q. Calculate the remainder when 8 is divided by (-32)/(-36) + 4 + q/(-18).
3
Suppose 2*p + 152 = 4*i, -314 = 4*p - 2*i - i. Let f = p + 101. Let s = 83 + -44. Calculate the remainder when s is divided by f.
18
Let c = 97683 - 97661. Suppose 6 = 5*l - 4. What is the remainder when (-1)/l*(-424)/2 is divided by c?
18
Suppose -7*i + 2*i - 5*x = -40, -8 = -3*i + x. Suppose i*o - 4*v = -o + 265, -2*v = -3*o + 159. What is the remainder when o is divided by (9/(-2))/(2/(-12))?
26
Suppose -33*y + 28*y = -990. What is the remainder when y is divided by 31?
12
Let q(t) = 9*t**3 - t**2 + 3*t - 1. Let h = -23 - -24. Calculate the remainder when 12 is divided by q(h).
2
Calculate the remainder when 469 is divided by (-1 - 1) + -1 - (-336)/6.
45
Let v = -1994 + 2201. What is the remainder when v is divided by 8?
7
Let v(j) = 15*j**2 - 12*j + 42. Let g be v(4). Let q = 272 - g. Let a = -3 + 10. Calculate the remainder when q is divided by a.
3
Let i(r) = -2*r**2 - 14*r + 19. Let z be i(-8). Suppose t - 2*m = -2*t + 88, 0 = z*t + 4*m - 58. What is the remainder when t is divided by 6?
2
Let u(y) = -y + 15. Let s = 188 + -101. Suppose 4*c = 145 + s. Calculate the remainder when c is divided by u(0).
13
Let n(p) = -p + 25. Suppose 0*z - 2*z = -4*f - 14, 50 = 4*z + 3*f. Let x(m) = -m + 23. Let r be x(z). Calculate the remainder when 25 is divided by n(r).
12
Suppose 1167 - 397 = 11*q. What is the remainder when 558 is divided by q?
68
Let l(w) = w**2 - 9*w - 5. Calculate the remainder when (3/((-15)/5))/(2/(-366)) is divided by l(-4).
42
Let j be -4*4/(-16)*-3 + 61. Let x = j + 20. Let t = 105 - x. What is the remainder when 68 is divided by t?
14
Let d(o) = 5*o**3 + 9*o**2 - 24*o - 1. Let g be d(7). Let y = g + -1086. Calculate the remainder when y is divided by 22.
21
Suppose 63*m + 4589 = 64*m - 4*r, -2*r = -4*m + 18300. What is the remainder when m is divided by 61?
59
Let r(z) = 148*z - 272. Calculate the remainder when 1534 is divided by r(2).
22
Let y(n) = n**2 + 3*n + 6. Let t be y(-2). Suppose -150 - t = -11*g. Let k(r) = r**3 + 7*r**2 + 3*r + 8. What is the remainder when k(-6) is divided by g?
12
Let q be (6/2)/((-273)/(-364)). Suppose -z + 102 = -q*c, -5*z + 7*z - 5*c = 213. Calculate the remainder when z is divided by 40.
34
Let s = 215 + -275. Suppose -2*g - 3*p - 18 = -5*p, g - 3 = 4*p. Let m = g - s. What is the remainder when m is divided by 16?
15
Suppose -4*k - 205 = -937. Suppose 0 = 2*a - 3*i - 2*i - 36, 3*a = -2*i + 16. What is the remainder when k is divided by a?
7
Suppose -3*w = 5*h - 217, 4*w - 70 = 98*h - 100*h. What is the remainder when 190 is divided by h?
2
Let c = 120 - 113. Suppose -z - 78 = -c*z. What is the remainder when z is divided by 7?
6
Suppose -5*v - 4*z - 2564 = 0, -2*z + 91 = -2*v - 931. What is the remainder when ((-132)/16)/(8/(v/12)) is divided by 15?
14
Suppose 277*k - 36314 = 8548 - 2758. Calculate the remainder when k is divided by 104.
48
Let u be (-105)/(-42)*4/6*3. Suppose 0 = 3*t + 4*b - 36, t - 4*t - u*b = -36. What is the remainder when t is divided by 6?
0
Suppose -n = -5*s - 3*n + 565, 480 = 4*s - 4*n. What is the remainder when s is divided by (155/5)/1 + 756/(-54)?
13
Suppose 4*s = 80 - 220. Let z = 35 + s. Calculate the remainder when 71 is divided by (0 + (-12)/20)*-30 + z.
17
Let m(f) = 2*f**2 - 6*f - 5. Suppose 4842 - 1285 = 104*c - 2163. What is the remainder when c is divided by m(5)?
10
Suppose -3*t + 158 = -19. Let w be -5 - ((-775)/275 - (-2)/(-11)). What is the remainder when t is divided by (-2142)/(-144) - w/16?
14
Suppose -5*u - 161*v + 150 = -166*v, -5*v = u - 24. What is the remainder when 48 is divided by u?
19
Suppose 0 = -9*s - 285 + 3480. Suppose -12*m = -185 - s. What is the remainder when m is divided by 7/(0 - -1) - -1?
5
Suppose -154*l - 5569 = -60*l - 32171. What is the remainder when 1687 is divided by l?
272
Calculate the remainder when -4*(-3 - (-5 - (-10)/16*78)) is divided by 54.
25
Let i be 0 + (-190)/(-25)*5. Suppose -8*y + i*y - 150 = 0. Calculate the remainder when 37 is divided by y.
2
Let h(u) = -u**3 + u**2 + u - 2. Let q be h(0). Let d = q - -17. Suppose d = v - 11. Calculate the remainder when 77 is divided by v.
25
Let m be (2 - (-30)/(-16)) + (-382)/(-16). Suppose m*k - 494 = 3370. Calculate the remainder when k is divided by -3 - -56 - (-2 - -1).
53
Let u = 97 + -94. Suppose u*d = z - 0*z + 748, 3*z + 750 = 3*d. What is the remainder when d is divided by 10?
9
Suppose 0 = 6*x - 19*x - 1196. Let d = x + 96. What is the remainder when 46 is divided by d?
2
Suppose 62 = 15*n - 13*n. Suppose 15*a - 851 = 919. What is the remainder when a is divided by n?
25
Let o = 80 - 61. Suppose -3*m + 84 = -9*m. What is the remainder when o is divided by (-3 - m/4)*20?
9
Let d(i) = -29*i - 743. What is the remainder when 616 is divided by d(-28)?
64
Suppose x = 5*v - 4690, -5*v + 0*v = -4*x - 4690. Calculate the remainder when v is divided by 50.
38
Suppose 260 = 2*k + 2*k. Let h = -15722 + 15849. What is the remainder when h is divided by k?
62
What is the remainder when 330 is divided by 1 + 104 + (-6 - -9) + 3?
108
Let o(w) = 6*w - 166. Let a = -49 - -81. What is the remainder when o(a) is divided by 5?
1
Suppose 0 = 